ide 28709238?
True
Is 46538646 a multiple of 33?
True
Does 1399 divide 302529553?
True
Does 3940 divide 258628778?
False
Is 2726280 a multiple of 72?
True
Does 15 divide 366823157?
False
Is 813849768 a multiple of 3816?
True
Is 337523101 a multiple of 499?
True
Is 41584159 a multiple of 17?
True
Is 421 a factor of 258659032?
True
Does 1917 divide 112692762?
True
Is 339863030 a multiple of 130?
True
Is 294 a factor of 631514738?
False
Is 26 a factor of 13271170?
False
Is 758 a factor of 63253584?
True
Does 50 divide 14230200?
True
Does 243 divide 828905531?
False
Does 61 divide 16531?
True
Is 77815849 a multiple of 3?
False
Is 1780606958 a multiple of 1586?
True
Is 79 a factor of 602409523?
True
Is 423 a factor of 93044458?
False
Is 858991260 a multiple of 110?
False
Is 97606795 a multiple of 16?
False
Is 5071 a factor of 2940919667?
False
Is 5 a factor of 16754922?
False
Is 32325168 a multiple of 12?
True
Is 147846582 a multiple of 31?
False
Does 9 divide 40200777?
True
Does 13 divide 1165338629?
True
Does 136 divide 68280793?
False
Is 2024 a factor of 860147376?
True
Does 22 divide 3821244372?
True
Does 1066 divide 2026708629?
False
Is 82082233 a multiple of 308?
False
Does 409 divide 82046776?
False
Is 56 a factor of 48239128?
True
Is 82469663 a multiple of 163?
False
Is 11708768 a multiple of 997?
True
Is 27 a factor of 162439768?
False
Does 2418 divide 89468418?
True
Does 1054 divide 48629452?
True
Is 3344 a factor of 806002308?
False
Is 82 a factor of 2696400480?
False
Does 101 divide 4383330?
False
Does 904 divide 4654017096?
True
Does 23 divide 26105126?
False
Is 38 a factor of 1166676?
True
Is 133 a factor of 359154131?
True
Is 18322248 a multiple of 571?
True
Is 87 a factor of 79589949?
True
Does 39 divide 259554204?
True
Is 53 a factor of 59489818?
False
Is 199667172 a multiple of 12?
True
Is 276 a factor of 117006176?
False
Is 4 a factor of 6424884?
True
Does 313 divide 64225605?
False
Is 1866 a factor of 73828290?
True
Is 17 a factor of 34796943?
True
Is 24469187 a multiple of 2889?
False
Is 21 a factor of 945739079?
False
Is 357931072 a multiple of 1567?
False
Is 9931348 a multiple of 41?
True
Is 288 a factor of 1201481568?
True
Does 248 divide 1230955936?
True
Is 22 a factor of 537341877?
False
Does 21 divide 10038706?
False
Is 1517951078 a multiple of 15?
False
Does 560 divide 25673760?
True
Is 48109810 a multiple of 1632?
False
Is 321277776 a multiple of 1563?
True
Does 6400 divide 350048000?
True
Is 147916520 a multiple of 82?
True
Is 50948872 a multiple of 124?
True
Is 22 a factor of 47392070?
True
Does 4 divide 6319720?
True
Is 28 a factor of 4320568?
True
Is 40 a factor of 10328990?
False
Is 34 a factor of 2907547672?
True
Is 449 a factor of 6547084?
False
Does 4 divide 242604004?
True
Is 50 a factor of 160729876?
False
Is 319585277 a multiple of 177?
False
Does 21 divide 35317066?
False
Is 925398860 a multiple of 20?
True
Is 1151895125 a multiple of 535?
True
Is 29860450 a multiple of 40?
False
Is 527747430 a multiple of 72?
False
Is 3292758 even?
True
Does 4 divide 15417018?
False
Is 7 a factor of 17121839?
True
Does 13 divide 1242564765?
True
Is 107087914 a multiple of 86?
False
Is 41 a factor of 251798033?
False
Is 119282311 a multiple of 16?
False
Is 16 a factor of 105308315?
False
Does 3559 divide 115503463?
False
Is 955433103 a multiple of 118?
False
Is 52859810 a multiple of 1487?
False
Is 37 a factor of 299541541?
False
Is 2855873929 a multiple of 449?
True
Does 612 divide 166378932?
True
Is 50 a factor of 854267758?
False
Does 4227 divide 143772951?
True
Is 815714949 a multiple of 573?
False
Does 1674 divide 23564898?
True
Is 270 a factor of 893506680?
True
Is 57 a factor of 572012784?
True
Is 9582 a factor of 524116236?
True
Does 643 divide 836059551?
False
Is 21348720 a multiple of 596?
True
Is 82870249 a multiple of 428?
False
Is 170433107 a multiple of 43?
False
Is 27409160 a multiple of 5?
True
Is 19 a factor of 961171278?
True
Is 545159335 a multiple of 232?
False
Does 9 divide 1404634270?
False
Is 9119749 a multiple of 36?
False
Is 53188190 a multiple of 10?
True
Does 11 divide 92614929?
True
Does 170 divide 1075541?
False
Is 341404143 a multiple of 1336?
False
Is 58097925 a multiple of 25?
True
Does 315 divide 2313117135?
True
Is 2 a factor of 21364672?
True
Does 4508 divide 836701168?
False
Is 13722 a factor of 2502954342?
False
Is 210 a factor of 11279730?
True
Is 551 a factor of 45230161?
False
Does 13 divide 43642586?
True
Is 1065 a factor of 5198265?
True
Does 1254 divide 3163734156?
True
Is 6 a factor of 5158392?
True
Is 971992224 a multiple of 1764?
True
Is 41 a factor of 78591383?
True
Does 1131 divide 4327206?
True
Does 1053 divide 30306059?
False
Does 44 divide 621986200?
True
Is 9 a factor of 115975227?
False
Is 35 a factor of 1081062430?
True
Is 792165 a multiple of 34?
False
Is 644355311 a multiple of 872?
False
Is 17 a factor of 4918833550?
True
Does 2 divide 38575174?
True
Is 110992326 a multiple of 782?
False
Is 241 a factor of 103357127?
False
Is 9 a factor of 993694043?
False
Does 20 divide 663960760?
True
Is 18 a factor of 51701274?
True
Is 3614 a factor of 102485812?
True
Does 1104 divide 95830512?
True
Is 15 a factor of 46600417?
False
Is 2124556 a multiple of 28?
True
Is 62 a factor of 182248876?
True
Is 158570098 a multiple of 625?
False
Does 3 divide 1161356074?
False
Does 121 divide 320702?
False
Is 383368027 a multiple of 1679?
False
Is 59 a factor of 51302108?
False
Is 4678544 a multiple of 166?
True
Is 6 a factor of 104230532?
False
Is 2237865264 a multiple of 72?
True
Is 1785387318 a multiple of 1947?
True
Is 435560556 a multiple of 4?
True
Is 1108749872 a multiple of 8543?
False
Is 28 a factor of 9138640?
True
Is 3287 a factor of 44278246?
False
Is 128252223 a multiple of 118?
False
Is 638796664 a multiple of 46?
True
Is 114 a factor of 120659369?
False
Is 94 a factor of 1030408?
False
Does 93 divide 132592983?
True
Is 204349411 a multiple of 7?
True
Does 861 divide 42184505?
False
Does 99 divide 11216601?
True
Is 2966 a factor of 579626193?
False
Does 42 divide 54529776?
True
Is 21 a factor of 50198547?
True
Is 44848056 a multiple of 7?
False
Does 1461 divide 25342506?
True
Is 280 a factor of 728444080?
True
Is 295 a factor of 462147295?
True
Is 4045804 a multiple of 14?
True
Does 7 divide 3778143?
False
Does 7 divide 1302289977?
False
Is 598 a factor of 355456242?
False
Does 19 divide 27093012?
True
Is 1110766230 a multiple of 9231?
True
Does 24 divide 25083744?
True
Does 19 divide 54264643?
False
Does 15 divide 6026250?
True
Is 105 a factor of 81273465?
True
Does 30 divide 39966360?
True
Does 279 divide 2005806?
False
Is 1415 a factor of 867678767?
False
Is 6 a factor of 351909636?
True
Is 446812054 a multiple of 442?
True
Does 22 divide 69620100?
True
Does 606 divide 1983951282?
True
Is 55 a factor of 18923440?
False
Is 55 a factor of 6044934?
False
Does 4819 divide 1400697123?
False
Does 119 divide 1658398637?
True
Does 93 divide 1141756629?
True
Is 78318843 a multiple of 1790?
False
Does 17 divide 27002694?
False
Does 181 divide 264302897?
True
Does 2 divide 59761023?
False
Is 5 a factor of 80568800?
True
Is 2 a factor of 27935585?
False
Does 91 divide 6863789?
False
Does 202 divide 457782298?
True
Is 3 a factor of 27193573?
False
Does 10 divide 134730110?
True
Does 7 divide 154079653?
True
Is 186 a factor of 508197296?
False
Is 1661 a factor of 447520461?
False
Is 664 a factor of 101513648?
True
Is 10 a factor of 18617910?
True
Is 18 a factor of 5247270?
True
Is 23276881 a multiple of 19?
True
Does 2802 divide 11459217?
False
Is 63713976 a multiple of 1074?
True
Does 2049 divide 1664789413?
False
Is 33550198 a multiple of 419?
False
Is 58451733 a multiple of 27?
True
Is 2482545 a multiple of 145?
True
Is 9 a factor of 767290587?
False
Does 123 divide 98187087?
True
Does 109 divide 3018877843?
True
Does 20 divide 155570220?
True
Is 401 a factor of 23942156?
False
Does 31 divide 606001144?
True
Is 593863200 a multiple of 45?
True
Is 322 a factor of 1073614976?
True
Is 2 a factor of 1124750?
True
Does 1641 divide 294484819?
False
Is 197 a factor of 108120101?
True
Does 4442 divide 446763034?
True
Is 1445 a factor of 27188193?
False
Is 62 a factor of 13212634?
True
Is 